47943b (base 12) in base 14?
-221743
What is -14451410 (base 8) in base 5?
-1321014211
-32868 (base 11) to base 9
-72288
What is 299d6c (base 16) in base 10?
2727276
Convert 1592a7a (base 15) to base 10.
15652240
-2400444 (base 9) to base 8
-4751762
Convert 7a08d8 (base 14) to base 7.
50165061
What is -11103021303 (base 4) in base 10?
-1389171
What is -2677e5 (base 16) in base 7?
-30300014
-31144043 (base 5) to base 9
-430328
What is 104443330 (base 5) in base 2?
1110010011001101110
What is -b08ab7 (base 12) in base 15?
-39588a
What is 31065420 (base 7) in base 15?
366b09
710867 (base 10) to base 11
4460a3
Convert -101212322 (base 4) to base 2.
-10001100110111010
f2920 (base 16) to base 14
1bc132
What is 52131102 (base 6) in base 5?
341124120
What is 553317 (base 10) in base 15?
ade2c
What is -174b0 (base 12) in base 6?
-415140
What is 1111101001111111001001 (base 2) in base 13?
b090ab
21012102202210 (base 3) to base 4
32212112022
Convert 474a22 (base 15) to base 10.
3407657
Convert -2ba457 (base 13) to base 10.
-1079475
What is -30123133031 (base 4) in base 15?
-445662
What is -200330002 (base 4) in base 9?
-225054
Convert -1873a6b (base 12) to base 7.
-61406615
-1819bb (base 16) to base 15
-212ebb
7355340 (base 9) to base 8
17003413
Convert -51173 (base 13) to base 14.
-3ad21
What is 112101002 (base 3) in base 2?
10100011101110
Convert 45775 (base 13) to base 11.
87058
4b916b (base 12) to base 5
304123303
What is -558035 (base 10) in base 14?
-107519
What is -119324 (base 12) in base 8?
-1055614
Convert -210231230 (base 4) to base 14.
-3cb36
Convert -1011001111021 (base 3) to base 15.
-c11aa
Convert -1443323424 (base 5) to base 16.
-3b4c22
Convert a408cc (base 15) to base 12.
2740a56
What is -15038 (base 11) in base 15?
-64c7
Convert -12212220330 (base 4) to base 14.
-330c44
What is 482264 (base 16) in base 7?
55116332
-12125402 (base 6) to base 7
-3161663
4869 (base 16) to base 8
44151
What is -3b2a75 (base 16) in base 8?
-16625165
What is -170db (base 15) in base 11?
-50a38
What is -1152036 (base 10) in base 5?
-243331121
Convert 1506438 (base 10) to base 4.
11233302012
Convert 26231621 (base 7) to base 16.
248951
-88238 (base 10) to base 6
-1520302
Convert -660b3 (base 13) to base 11.
-116844
Convert -7457250 (base 8) to base 15.
-294ac7
Convert -1a5a0 (base 12) to base 14.
-10236
Convert 11101043 (base 5) to base 11.
66993
1212140144 (base 5) to base 10
2849424
-73728 (base 10) to base 7
-424644
What is 101177 (base 9) in base 2?
1110101000011001
Convert 11101101110101101100110 (base 2) to base 15.
a3e2c5
144289 (base 11) to base 16
36ffe
What is -2206201 (base 7) in base 2?
-1000010001011011101
What is 4330113 (base 6) in base 10?
213885
What is 6554136 (base 7) in base 8?
3041066
b5414 (base 14) to base 7
3500224
What is -349a8d (base 14) in base 8?
-6657575
What is -18a957 (base 11) in base 2?
-1000111011100100000
300331000202 (base 4) to base 10
12832802
What is 489c01 (base 13) in base 14?
332658
3512846 (base 12) to base 8
47007466
101407 (base 8) to base 11
23224
What is -2ffe35 (base 16) in base 12?
-1078219
Convert -101110001000000110001 (base 2) to base 5.
-341331343
100101110002122 (base 3) to base 7
60255035
-12553938 (base 10) to base 6
-1125024030
What is 101101111100110011110 (base 2) in base 9?
2744373
What is -5980 (base 13) in base 5?
-400420
Convert 10411032 (base 5) to base 3.
11122100220
479386 (base 12) to base 14
2216bc
What is -1215235 (base 13) in base 3?
-101112222112201
What is -11131323233 (base 4) in base 6?
-50415435
-244543315 (base 6) to base 2
-10001111110000000011111
What is -111906 (base 14) in base 12?
-240102
Convert -c03b22 (base 14) to base 7.
-105642242
What is 588739 (base 13) in base 11?
120764a
What is -11101011001100001 (base 2) in base 16?
-1d661
Convert -79bb8 (base 12) to base 6.
-3251552
What is -2671094 (base 11) in base 16?
-4664e5
Convert 169b44 (base 13) to base 8.
2116173
Convert 104033003 (base 5) to base 6.
13432122
1000001011110101110110100 (base 2) to base 3
1012022002021111
4624212 (base 7) to base 14
110779
What is -acbba8 (base 13) in base 11?
-2338811
-1020555535 (base 6) to base 10
-10684211
618570 (base 10) to base 12
259b76
5487a (base 11) to base 13
2a2bb
What is 22399b (base 13) in base 11?
502029
Convert b80378 (base 12) to base 11.
1703544
-33a73 (base 15) to base 16
-28206
Convert -216165 (base 9) to base 10.
-129173
21210111201 (base 3) to base 9
253451
What is -10414301 (base 6) in base 13?
-ac7b9
Convert 675201 (base 11) to base 13.
2b8806
Convert 510a (base 12) to base 15.
2914
What is 6b517b (base 12) in base 9?
3226055
Convert 35949 (base 13) to base 6.
2034510
331321331 (base 4) to base 2
111101111001111101
What is 138187 (base 10) in base 14?
38507
-13851430 (base 9) to base 10
-6883569
2b7f (base 16) to base 6
123315
Convert 110101000010010101 (base 2) to base 14.
5924d
843305 (base 10) to base 12
348035
What is 5394467 (base 10) in base 14?
a05cb1
6639320 (base 10) to base 12
2282248
cca249 (base 13) to base 4
102120322021
Convert -60a8 (base 12) to base 8.
-24400
What is -69574 (base 14) in base 3?
-111000112122
What is -1184144 (base 9) in base 11?
-4013a7
What is 2103432 (base 6) in base 13?
374c6
Convert -4a2962 (base 11) to base 2.
-11000001111101000001
-11001211022 (base 3) to base 11
-55175
What is 42563363 (base 7) in base 11?
2059691
Convert -5510035 (base 7) to base 15.
-d4da7
-eb288 (base 15) to base 16
-b63d5
What is 5200425 (base 6) in base 5?
30431433
100000001010110010111010 (base 2) to base 8
40126272
590024 (base 12) to base 7
15106315
Convert 300333000 (base 4) to base 15.
3e6b0
11023523 (base 7) to base 15
13aa25
Convert 3222303021 (base 4) to base 5.
221233422
What is 3401213 (base 7) in base 8?
1465422
Convert 100013024 (base 5) to base 10.
391639
-cf67 (base 16) to base 13
-1b223
What is -12200110000 (base 3) in base 12?
-54899
-c7e76a (base 16) to base 3
-220122121001202
494063 (base 11) to base 12
31821a
Convert 20221201 (base 3) to base 7.
20530
Convert 40a2 (base 14) to base 5.
323433
Convert 45742 (base 15) to base 4.
311331110
9da5 (base 15) to base 14
c299
-10000101001110011110 (base 2) to base 7
-4431642
What is 1106092 (base 11) in base 8?
7316333
Convert -34574 (base 8) to base 16.
-397c
What is 2012100111010 (base 3) in base 10?
1168212
136a6 (base 16) to base 6
1412102
Convert 120032044 (base 5) to base 11.
345543
Convert -101011001010111010101010 (base 2) to base 6.
-1042321030
Convert 23a2770 (base 11) to base 9.
7764681
What is -28333 (base 12) in base 4?
-31213113
What is -11321003242 (base 5) in base 15?
-1230782
Convert -2300303223 (base 4) to base 11.
-455117
Convert -5244004 (base 6) to base 7.
-2111050
5453346 (base 7) to base 2
10100011010000010000
-1250342 (base 6) to base 10
-68822
-782aa (base 13) to base 14
-59621
Convert 1355545 (base 6) to base 9.
127582
-33605360 (base 7) to base 6
-142415442
What is -2299687 (base 10) in base 15?
-3065c7
Convert -133004223 (base 5) to base 16.
-a42b6
-1a51982 (base 12) to base 8
-25224462
Convert -55d6c (base 15) to base 16.
-42a83
Convert 2403134 (base 5) to base 10.
44169
Convert 10101011110001011 (base 2) to base 14.
2409d
7ab334 (base 12) to base 5
1000444124
Convert -2b5c3b (base 13) to base 10.
-1069820
-1020001212222 (base 3) to base 5
-131312130
100110000000101110011 (base 2) to base 5
304324210
What is -2124f (base 16) in base 15?
-2a359
Convert -5300384 (base 9) to base 16.
-2b40ef
-12201012020210 (base 3) to base 12
-1024456
2124434220 (base 5) to base 11
2614971
1683573 (base 13) to base 11
412a585
What is 15224614 (base 7) in base 8?
5423551
3305631 (base 7) to base 9
677083
What is -213031320 (base 4) in base 13?
-58164
What is 3031131 (base 5) in base 13?
1935a
-613a9 (base 13) to base 10
-174209
Convert -10471208 (base 10) to base 6.
-1012233452
e6896 (base 16) to base 8
3464226
-230403223 (base 5) to base 7
-11512504
Convert -6151 (base 14) to base 3.
-211221200
What is -11111111101101100101 (base 2) in base 12?
-426171
What is -1626 (base 13) in base 10?
-3243
Convert 9a471a4 (base 11) to base 8.
103163223
What is 2315111 (base 6) in base 10?
119059
Convert 54ba6 (base 15) to base 10.
269256
What is 111001101010011 (base 2) in base 12?
15103
What is 289